{"id":35,"date":"2020-07-14T17:31:17","date_gmt":"2020-07-14T15:31:17","guid":{"rendered":"http:\/\/himmelreich.koeln\/?page_id=35"},"modified":"2020-08-31T08:07:42","modified_gmt":"2020-08-31T06:07:42","slug":"ueber-uns","status":"publish","type":"page","link":"http:\/\/himmelreich.koeln\/?page_id=35","title":{"rendered":"\u00dcBER UNS"},"content":{"rendered":"\n<p>Kurzer Umriss zu mir pers\u00f6nlich:<br>Seit \u00fcber 28 Jahren bin ich in der Organisationsberatung und Informationstechnologie zu Hause. Ich bin ein erfahrenen IT-Manager mit einem soliden Projekt- &amp; Prozessmanagement Hintergrund und F\u00fchrungserfahrung, wodurch ich effizient und zielgerichtet arbeite. Wichtig ist mir immer mein Unternehmen und Kollegen tatkr\u00e4ftig zu unterst\u00fctzen und als Team &amp; Dienstleister gegen\u00fcber unseren &#8222;Kunden&#8220; aufzutreten.<\/p>\n\n\n\n<p>Mein pers\u00f6nlicher Fokus ist das IT-Service Management (ITSM) und Prozess Automation. In unterschiedlichen Rollen berate ich Unternehmen in ihren Gesch\u00e4ftsprozesse, designe und setzte diese um. Dies kann \u00fcber das Coaching gehen, in der Dokumentation und Beschreibung der Prozesse sowie in der Tool-technischen Umsetzung mit bekannten Management Werkzeugen.<\/p>\n\n\n\n<p>In vielen markt-bekannten ITSM-Applikationen habe ich tiefgreifendes Wissen, kenne die T\u00fccken und M\u00f6glichkeiten. Gerade hier nehme ich die Anwender mit auf die Reise, so dass das IT-Projekt auch erfolgreich umgesetzt werden kann und der operative Betrieb reibungslos l\u00e4uft.<\/p>\n","protected":false},"excerpt":{"rendered":"<p>Kurzer Umriss zu mir pers\u00f6nlich:Seit \u00fcber 28 Jahren bin ich in der Organisationsberatung und Informationstechnologie zu Hause. Ich bin ein erfahrenen IT-Manager mit einem soliden Projekt- &amp; Prozessmanagement Hintergrund und F\u00fchrungserfahrung, wodurch ich effizient und zielgerichtet arbeite. Wichtig ist mir immer mein Unternehmen und Kollegen tatkr\u00e4ftig zu unterst\u00fctzen und als Team &amp; Dienstleister gegen\u00fcber unseren [&hellip;]<\/p>\n","protected":false},"author":1,"featured_media":0,"parent":0,"menu_order":0,"comment_status":"closed","ping_status":"closed","template":"","meta":[],"_links":{"self":[{"href":"http:\/\/himmelreich.koeln\/index.php?rest_route=\/wp\/v2\/pages\/35"}],"collection":[{"href":"http:\/\/himmelreich.koeln\/index.php?rest_route=\/wp\/v2\/pages"}],"about":[{"href":"http:\/\/himmelreich.koeln\/index.php?rest_route=\/wp\/v2\/types\/page"}],"author":[{"embeddable":true,"href":"http:\/\/himmelreich.koeln\/index.php?rest_route=\/wp\/v2\/users\/1"}],"replies":[{"embeddable":true,"href":"http:\/\/himmelreich.koeln\/index.php?rest_route=%2Fwp%2Fv2%2Fcomments&post=35"}],"version-history":[{"count":4,"href":"http:\/\/himmelreich.koeln\/index.php?rest_route=\/wp\/v2\/pages\/35\/revisions"}],"predecessor-version":[{"id":165,"href":"http:\/\/himmelreich.koeln\/index.php?rest_route=\/wp\/v2\/pages\/35\/revisions\/165"}],"wp:attachment":[{"href":"http:\/\/himmelreich.koeln\/index.php?rest_route=%2Fwp%2Fv2%2Fmedia&parent=35"}],"curies":[{"name":"wp","href":"https:\/\/api.w.org\/{rel}","templated":true}]}}

ÜBER UNS

<p>Kurzer Umriss zu mir persönlich:<br>Seit über 28 Jahren bin ich in der Organisationsberatung und Informationstechnologie zu Hause. Ich bin ein erfahrenen IT-Manager mit einem soliden Projekt- &amp; Prozessmanagement Hintergrund und Führungserfahrung, wodurch ich effizient und zielgerichtet arbeite. Wichtig ist mir immer mein Unternehmen und Kollegen tatkräftig zu unterstützen und als Team &amp; Dienstleister gegenüber unseren &#8222;Kunden&#8220; aufzutreten.</p>



<p>Mein persönlicher Fokus ist das IT-Service Management (ITSM) und Prozess Automation. In unterschiedlichen Rollen berate ich Unternehmen in ihren Geschäftsprozesse, designe und setzte diese um. Dies kann über das Coaching gehen, in der Dokumentation und Beschreibung der Prozesse sowie in der Tool-technischen Umsetzung mit bekannten Management Werkzeugen.</p>



<p>In vielen markt-bekannten ITSM-Applikationen habe ich tiefgreifendes Wissen, kenne die Tücken und Möglichkeiten. Gerade hier nehme ich die Anwender mit auf die Reise, so dass das IT-Projekt auch erfolgreich umgesetzt werden kann und der operative Betrieb reibungslos läuft.</p>

<p>Kurzer Umriss zu mir persönlich:Seit über 28 Jahren bin ich in der Organisationsberatung und Informationstechnologie zu Hause. Ich bin ein erfahrenen IT-Manager mit einem soliden Projekt- &amp; Prozessmanagement Hintergrund und Führungserfahrung, wodurch ich effizient und zielgerichtet arbeite. Wichtig ist mir immer mein Unternehmen und Kollegen tatkräftig zu unterstützen und als Team &amp; Dienstleister gegenüber unseren [&hellip;]</p>
